*p**3 - 13*p**2 + 15*p + 1. Let j(q) = -4*f(q) + 7*t(q). List the prime factors of j(2).
3, 5
Let v be ((-8)/(-6))/((-2)/(-18)). Suppose -v = -2*r + r. List the prime factors of r.
2, 3
Suppose 0 = m - 7*m + 12. Suppose -m*b + 2 = -12. List the prime factors of b.
7
Let d be (-102)/(5/((-30)/9)). Suppose -m = 3*m - d. What are the prime factors of m?
17
Suppose k = -d - 0*d + 29, d - 33 = -5*k. List the prime factors of d.
2, 7
Let j(p) = p**3 + 6*p**2 + 5*p - 3. Let u be j(-5). Let i be 1*5/((-3)/u). Suppose 0 = i*g - 3 - 57. List the prime factors of g.
2, 3
Suppose 3*o = -0*o + 45. Let k be 2/11 + (-40)/(-22). Let x = k + o. List the prime factors of x.
17
Let c = 7 + 38. Let a be (c/(-12))/(1/4). Let x = -6 - a. What are the prime factors of x?
3
What are the prime factors of ((-87)/9 - 0)*(-4 + -5)?
3, 29
Let x be (1/(-3))/((-2)/(-6)). Let t(i) = -16*i + 1. List the prime factors of t(x).
17
Let j(x) = -2*x - 3. Let i be j(-3). Suppose -t = -v + 1, t + 5 + 2 = i*v. Suppose -2*p = -t*s + 20, 2*s - 26 = 2*p - 6*p. List the prime factors of s.
11
What are the prime factors of -7 + 35/5 - (-107)/1?
107
Let d be 3/(3 - (-21)/(-6)). List the prime factors of d/(-10) + 456/15.
31
Let o = -4 - -6. Suppose -2*x + o*p = -0*x - 4, x + 6 = -3*p. What are the prime factors of 18 + (x + 2)/1?
2, 5
Let q be ((-6)/4)/(6/(-8)). Suppose q*m = -0*m + 6. List the prime factors of 3*m/1 + -2.
7
List the prime factors of 2 + 16/3*3.
2, 3
Suppose -2*x + 214 + 274 = 0. List the prime factors of x.
2, 61
Suppose 4*m = 2*d + 794 - 198, 4*m - 590 = 5*d. Suppose -3*a + c + 116 = 5*c, -m = -4*a - 3*c. List the prime factors of a.
2, 3
Let k = -26 + 75. What are the prime factors of k?
7
Let w be 30/9 + (-1)/3. Suppose 18 - 6 = w*o. List the prime factors of o.
2
Let g(b) = b**2 + 5*b + 2. Let r be (-4)/2 + (-1)/1. Let o be g(r). Let d = o - -10. What are the prime factors of d?
2, 3
Let d(k) = 3*k - 1. Suppose t + 3 = 4*t. Let y be d(t). Suppose -3*b - 2*b = -p - 56, -3*b + 31 = y*p. List the prime factors of b.
11
Let u(i) = -i**3 + 6*i**2 + 13*i + 6. Let a(m) = 6*m**3 - 29*m**2 - 66*m - 29. Let o(t) = -2*a(t) - 11*u(t). List the prime factors of o(-7).
2, 5
Let w(h) = 2*h**2 + 4*h - 11. List the prime factors of w(-6).
37
Let v(b) = -b + 11. Let z be v(5). Suppose -2*t = 2, -t = p - 2*p + z. Suppose 2*j + 12 + 1 = p*r, 5*r - 3*j = 12. What are the prime factors of r?
3
Let p(g) be the first derivative of g**4/4 + 2*g**3 + 2*g**2 - 6*g + 3. Let k be p(-5). List the prime factors of k/1*1*-15.
3, 5
Let p = -3 - -18. Let j = -1 - 2. List the prime factors of 148/10 - j/p.
3, 5
Suppose 2*a + 6 = 0, d = -0*a + 3*a + 9. Suppose 4*v + n - 19 = d, 3*n = 4*n - 3. Suppose m - 56 = -v*c - 7, 3*c + m = 38. What are the prime factors of c?
11
Let t(l) be the first derivative of l**4/4 - 10*l**3/3 + 5*l**2 + 13*l + 5. What are the prime factors of t(9)?
2, 11
Let i(q) be the third derivative of q**5/60 - q**4/6 - q**3/6 - 2*q**2. Suppose -2*p = -6, 0*f + 3*f - 12 = p. List the prime factors of i(f).
2
Let i = 43 - 13. List the prime factors of i.
2, 3, 5
Suppose -3*n = -5 - 259. What are the prime factors of n?
2, 11
Let k(r) = 42*r - 26. List the prime factors of k(4).
2, 71
Let d(n) be the third derivative of -17*n**6/120 + n**3/6 + 3*n**2. What are the prime factors of d(-1)?
2, 3
Let n be (-6)/(-2)*5 + 0. Suppose 0 = -2*o + 11 + n. Let q = 22 - o. What are the prime factors of q?
3
Let a(m) = -m**2 - 6*m - 7. Let p be a(-5). What are the prime factors of 1/(p/(-20)) - -2?
2, 3
Let m be (-1)/(((-2)/(-2))/(-3)). Let i be 26/(-5)*(-35)/14. Suppose k - i = -m. List the prime factors of k.
2, 5
Let j(y) = -6 + 22 - y + 2. What are the prime factors of j(0)?
2, 3
Let d = -9 + 24. What are the prime factors of d?
3, 5
Suppose -225 = -2*x - 5*g, 2*g = 5 + 1. Suppose 5*l - x - 25 = 0. What are the prime factors of l?
2, 13
Let r be (-4)/3*14*-3. Suppose -w - w + r = 0. List the prime factors of w.
2, 7
Suppose 6*a = a. Suppose 0 = -3*b + 3*c - a*c + 51, 2*b - 30 = -2*c. What are the prime factors of b?
2
Suppose -3*q - 2*w = 3*w - 20, 0 = -2*q - 5*w + 5. List the prime factors of q.
3, 5
Suppose -m = -2, 2*d - m - 22 = -4*m. Suppose 3*r + 80 = d*r. List the prime factors of r.
2
Let m = 12 + 2. Let w = 23 - m. List the prime factors of w.
3
Let t(x) = -x - 4. Let h be t(0). Let a(i) = i**3 + 6*i**2 + 3*i - 2. Let b be a(h). Suppose 3*m = -0*m + b. List the prime factors of m.
2, 3
Let n = 743 + -523. List the prime factors of n.
2, 5, 11
Let z(y) = -y**3 + 6*y**2 + 4*y + 2. Let p be z(5). Suppose 0 = 3*b - b - 3*d - p, 0 = d - 3. List the prime factors of b.
2, 7
Suppose 9*r - 8*r - 110 = 0. What are the prime factors of r?
2, 5, 11
Let p = -226 - -316. What are the prime factors of p?
2, 3, 5
Let q = 3 + 2. Suppose k - 10 = -q*s, 0*s + s = -4. Suppose 5*y = k + 5. List the prime factors of y.
7
Suppose -3*x + 3*o + 309 = -633, -5*o = 4*x - 1301. What are the prime factors of x?
11, 29
Suppose -5*s + 57 = -2*s. What are the prime factors of s?
19
Let y = -23 + 49. List the prime factors of y.
2, 13
Suppose 0 = -5*i + 3*i + 48. Let g be 1 + (1 + -3 - i). What are the prime factors of (g + 0)*(-20)/25?
2, 5
Suppose 8 + 2 = 5*s. Suppose -3*g - 206 = -4*i, -s*i - 3*g + 8*g = -110. List the prime factors of i.
2, 5
Let b(j) = j**2 + 9*j + 8. Let d be b(-8). Suppose 2*i - 68 = -5*n - d*i, 3*n = 3*i + 24. List the prime factors of n.
2, 3
Suppose -12 - 16 = -b. List the prime factors of b.
2, 7
Suppose 4*r - 20 = 28. Let v(y) = y**2 - 14*y - 9. Let c be v(r). Let a = c - -47. List the prime factors of a.
2, 7
Suppose 20 = 5*q, 2*q - 16 = -5*r + r. Suppose -r*i - 20 = -3*h, 5 = -i - 4*i. Suppose -h = -2*y + 2. What are the prime factors of y?
2
Suppose 3*c = 44 - 2. List the prime factors of c.
2, 7
Suppose 5*x + 5*y = 20, 0 = x + y + 3*y + 2. Let u = x + -3. Let l(m) = m**2 - 3*m + 2. What are the prime factors of l(u)?
2
Let t be (-2)/(-2)*18/3. Let a(d) = t*d - d - d. What are the prime factors of a(3)?
2, 3
Let a(n) = n**3 + 4*n**2 - 3*n + 4. Let x be a(-4). Suppose l - 43 = -x. Suppose -l = 5*w - 82. List the prime factors of w.
11
Let d(k) = 2*k - 7. Let u be d(6). Suppose s - 4*r = -5 - 6, -3*s - u = -5*r. Suppose -1 = -2*y - 9, 0 = 5*b + s*y. What are the prime factors of b?
2
Let p = 2 + -2. What are the prime factors of 39/9*3 - p?
13
Suppose p - 5*m - 4 = -p, -p + 5*m - 3 = 0. Suppose p*k - 80 = 2*k. Suppose i + k = 5*i. List the prime factors of i.
2
Let o(n) = -n**3 + 10*n**2 - 10*n + 2. List the prime factors of o(8).
2, 5
Let t be (-8)/20 - (-4)/10. Let c = -1 - 1. Let u = t - c. What are the prime factors of u?
2
Suppose -5*f = -10*f + 130. Suppose f = 4*x - 2*h, 5*x + 2*h - 14 = -4. What are the prime factors of x?
2
Suppose -a + 14 = 3*v, -2*a - 3*a = 3*v - 10. Suppose 23 = 4*y + 4*w - w, v*y = -2*w + 20. List the prime factors of y.
2
Suppose q = -3*q + 196. List the prime factors of q.
7
Suppose -5*a + 3*h = -13, 2*a + 1 - 2 = -3*h. Suppose a*u - 20 = -4*x, 4*u + x - 4 = 2*x. What are the prime factors of u?
2
Suppose 0 = -4*u + 21 + 107. What are the prime factors of u?
2
Let y = -45 + 73. What are the prime factors of y?
2, 7
Let j = 122 + 48. List the prime factors of j.
2, 5, 17
Suppose 12*s - 7*s = 280. List the prime factors of s.
2, 7
What are the prime factors of (34/(-3))/(2/(-3))?
17
Suppose -82 = -2*w + 26. List the prime factors of 554/18 + 12/w.
31
Let k = 204 + -104. What are the prime factors of k?
2, 5
Let u(n) = 2*n - 2. Let s be u(4). Suppose -s*z + 15 = -3*z. List the prime factors of z.
5
Let t = 9 - 18. Let y = -7 - t. What are the prime factors of y + 45/(2 + 1)?
17
Let j be 0 - (0 + -3)/3. Suppose 4*d = -2*s - s + 3, -4*s + 5 = 5*d. Suppose v - s = -j. What are the prime factors of v?
2
Suppose 4*w = 3*k + 6*w - 493, w = -4*k + 659. Let t = -99 + k. What are the prime factors of (-2)/8 - t/(-8)?
2
Let q be (-52)/(-16) - 2/8. Suppose -q*i + 50 = -13. List the prime factors of i.
3, 7
Let f(x) = -x**3 + 7*x**2 - 7*x. Let h be f(5). Suppose 0 = -5*d + h. What are the prime factors of d?
3
Let v be 460/36 + 2/9. Let m(b) = b. Let c be m(2). Suppose 3*y - v = c*y. List the prime factors of y.
13
Suppose v = -v. Let l(s) = -s**3 + 9. What are the pri